{"id":2,"date":"2019-09-09T11:22:40","date_gmt":"2019-09-09T11:22:40","guid":{"rendered":"https:\/\/www.viennafilmservices.com\/web\/?p=2"},"modified":"2025-08-26T14:37:23","modified_gmt":"2025-08-26T12:37:23","slug":"services","status":"publish","type":"page","link":"https:\/\/www.viennafilmservices.com\/web\/services\/","title":{"rendered":"Services"},"content":{"rendered":"<h1>Services<\/h1>\n<h2><span>F\u00f6rdermanagement &amp; Filmgesch\u00e4ftsf\u00fchrung<\/span><\/h2>\n<p><img decoding=\"async\" src=\"\/web\/wp-content\/uploads\/2024\/06\/viennafilmservices-services-realitycheck2.jpg\" alt=\"\"><\/p>\n<div>\n<h3>Finde dich in den vielf\u00e4ltigen M\u00f6glichkeiten \u00f6sterreichischer F\u00f6rderungen zurecht<\/h3>\n<div>\n<div uk-grid=\"\">\n<div class=\"uk-width-2-3@m\">\n<p>Wickle dein Projekt von Anfang an entsprechend der \u00f6sterreichischen F\u00f6rderungssysteme ab<\/p>\n<ul>\n<li>Erstellung von Einreichunterlagen (Drehplan und Kalkulation)<\/li>\n<li>Projektbegleitendes F\u00f6rdermanagement im Sinne einer aktiven Filmgesch\u00e4ftsf\u00fchrung<\/li>\n<li>Unterst\u00fctzung bei der Abrechnung<\/li>\n<\/ul>\n<\/div>\n<\/div>\n<\/div>\n<p><a href=\"\/web\/foerdermanagement\/\">Mehr erfahren<\/a><\/p>\n<\/div>\n<p><img decoding=\"async\" src=\"\/web\/wp-content\/uploads\/yootheme\/products-icon-01.svg\" alt=\"\"><\/p>\n<h2>FILM MOBILE:<span class=\"uk-heading-divider uk-display-inline-block\">GRIZZLY IM HQ7<\/span><\/h2>\n<p><img decoding=\"async\" src=\"\/web\/wp-content\/uploads\/yootheme\/sustainability-solutions-01.jpg\" alt=\"\"><\/p>\n<div>\n<h3>Professionelle Filmfahrzeuge f\u00fcr  alle Notwendigkeiten von Dreharbeiten<\/h3>\n<div>\n<div uk-grid=\"\">\n<div class=\"uk-width-2-3@m\">\n<p>Die Filmmobile von Grizzly, ob es Maskenfahrzeuge, Kost\u00fcmfahrzeuge, Aggregate oder Spezialfahrzeuge sind, k\u00f6nnen direkt bei Vienna Film Services angemietet werde. <br \/>Die \u00dcbergabe erfolgt am Gel\u00e4nde der hq7 studios zu denselben Konditionen wie am deutschen Standort.<\/p>\n<\/div>\n<div class=\"uk-width-1-3@m\">\n<ul class=\"uk-list uk-list-bullet uk-margin-bottom\">\n<li>Preise und Verf\u00fcgbarkeit <a href=\"mailto:mobiles@viennafilmservices.com\">auf Anfrage<\/a><span><br \/><\/span><span><\/span><\/li>\n<li>\u00dcbersicht \u00fcber die <a href=\"https:\/\/www.grizzly-filmbau.de\/filmmobil-vermietung\" target=\"_blank\" rel=\"noopener\">Grizzly Fahrzeuge<\/a><\/li>\n<\/ul>\n<\/div>\n<\/div>\n<\/div>\n<p><a href=\"\/web\/kontakt\/\">Interessiert? Kontaktiere uns!<\/a><\/p>\n<\/div>\n<p><img decoding=\"async\" src=\"\/web\/wp-content\/uploads\/yootheme\/products-icon-02.svg\" alt=\"\"><\/p>\n<h2>Locations<\/h2>\n<p><img decoding=\"async\" src=\"\/web\/wp-content\/uploads\/2024\/06\/viennafilmservices-services-locationscout-vienna2.jpg\" alt=\"\"><\/p>\n<div>\n<h3>N\u00fctze die vielf\u00e4ltigen Landschaften und das kulturelle Erbe \u00d6sterreichs auf engstem Raum<\/h3>\n<div>\n<div uk-grid=\"\">\n<div class=\"uk-width-2-3@m\">\n<div class=\"el-content uk-panel uk-margin-top\">\n<p>\u00d6sterreich ist ein kleines Land, aber mit einem vielf\u00e4ltigen Landschaftsangebot, das schnell zu erreichen ist. Die Steppen des Ostens sind von den Alpen und Seen nur einige Fahrstunden entfernt. Das reiche kulturelle Erbe bietet Drehorte voll Magie und Poesie. Und Wien &#8211; mit seinem modernen <a href=\"https:\/\/hq7studios.com\" target=\"blank\">hq7 studios<\/a> &#8211; liegt im Zentrum davon.<\/p>\n<\/div>\n<\/div>\n<div class=\"uk-width-1-3@m\">\n<ul class=\"uk-list uk-list-bullet uk-margin-bottom\">\n<li>Moderne Hochh\u00e4user<\/li>\n<li>Geschichtstr\u00e4chtige Geb\u00e4ude &amp; Schl\u00f6sser<\/li>\n<li>Atemberaubende Naturschaupl\u00e4tze<\/li>\n<li>Berge, T\u00e4ler, Wiesen &amp; W\u00e4lder<\/li>\n<li>und Vieles mehr&#8230;<\/li>\n<\/ul>\n<\/div>\n<\/div>\n<\/div>\n<p><a href=\"\/web\/locations\/\">Mehr erfahren<\/a><\/p>\n<\/div>\n<p><img decoding=\"async\" src=\"\/web\/wp-content\/uploads\/yootheme\/products-icon-03.svg\" alt=\"\"><br \/>\n<img decoding=\"async\" src=\"\/web\/wp-content\/uploads\/yootheme\/products-cta.svg\" alt=\"\"><\/p>\n<h2>Fordere  <br \/><span class=\"uk-heading-divider uk-display-inline-block\">uns heraus!<\/span><\/h2>\n<div>\n<p>Unsere spannendsten Auftr\u00e4ge sind die, die Dir zu Beginn des Projektes unm\u00f6glich l\u00f6sbar erscheinen. <br \/>Und da kommen wir ins Spiel: Wir helfen Dir, Dein Projekt umzusetzen!<\/p>\n<\/div>\n<ul>\n<li>\n<p>\n        <a href=\"mailto:office@viennafilmservices.com\">Kontaktiere uns!<\/a>\n    <\/p>\n<\/li>\n<li>\n<p>\n        <a href=\"tel:+4369919428454\">+43 699 1942 84 54<\/a>\n    <\/p>\n<\/li>\n<\/ul>\n<p><!--more--><br \/>\n<!-- {\"name\":\"Portfolio\",\"type\":\"layout\",\"children\":[{\"name\":\"Products\",\"type\":\"section\",\"props\":{\"image_position\":\"center-center\",\"padding\":\"xlarge\",\"padding_remove_bottom\":true,\"style\":\"default\",\"title_breakpoint\":\"xl\",\"title_position\":\"top-left\",\"title_rotation\":\"left\",\"vertical_align\":\"\",\"width\":\"large\"},\"children\":[{\"type\":\"row\",\"props\":{\"margin\":\"xlarge\"},\"children\":[{\"type\":\"column\",\"props\":{\"image_position\":\"center-center\",\"position_sticky_breakpoint\":\"m\",\"width_medium\":\"1-1\"},\"children\":[{\"type\":\"headline\",\"props\":{\"animation\":\"parallax\",\"content\":\"Services\",\"parallax_breakpoint\":\"m\",\"parallax_easing\":\"1\",\"parallax_y\":\"0,50\",\"text_align\":\"center\",\"title_element\":\"h1\",\"title_style\":\"heading-xlarge\"}}]}]},{\"type\":\"row\",\"props\":{\"id\":\"landtransport\",\"layout\":\"1-3,2-3\"},\"children\":[{\"type\":\"column\",\"props\":{\"image_position\":\"center-center\",\"position_sticky_breakpoint\":\"m\",\"width_small\":\"1-3\"},\"children\":[{\"type\":\"headline\",\"props\":{\"animation\":\"parallax\",\"content\":\"<span>F\\u00f6rdermanagement &amp; Filmgesch\\u00e4ftsf\\u00fchrung<\\\/span>\",\"css\":\"@media (min-width: 960px){\\n\\t.el-element { margin-top: 40px; }\\n}\",\"margin\":\"medium\",\"parallax_breakpoint\":\"m\",\"parallax_easing\":\"1\",\"parallax_y\":\"100,0\",\"title_element\":\"h2\",\"title_style\":\"heading-small\"},\"name\":\"F\\u00f6rdermanagement & Filmgesch\\u00e4ftsf\\u00fchrung\"}]},{\"type\":\"column\",\"props\":{\"image_position\":\"center-center\",\"position_sticky_breakpoint\":\"m\",\"width_small\":\"2-3\"},\"children\":[{\"type\":\"image\",\"props\":{\"image\":\"wp-content\\\/uploads\\\/2024\\\/06\\\/viennafilmservices-services-realitycheck2.jpg\",\"image_loading\":true,\"image_svg_color\":\"emphasis\",\"image_width\":\"780\",\"margin\":\"\",\"text_align\":\"right\",\"visibility\":\"m\"}}]}]},{\"type\":\"row\",\"children\":[{\"type\":\"column\",\"props\":{\"css\":\"@media (min-width: 960px) {\\n    .el-column { margin-top: -25%; }\\n}\",\"image_position\":\"center-center\",\"position_sticky_breakpoint\":\"m\"},\"children\":[{\"type\":\"panel\",\"props\":{\"animation\":\"parallax\",\"content\":\"\n\n<div uk-grid=\\\"\\\">\\n\n\n<div class=\\\"uk-width-2-3@m\\\">\\n\n\n<p>Wickle dein Projekt von Anfang an entsprechend der \\u00f6sterreichischen F\\u00f6rderungssysteme ab<\\\/p>\\n\n\n<ul>\\n\n\n<li>Erstellung von Einreichunterlagen (Drehplan und Kalkulation)<\\\/li>\\n\n\n<li>Projektbegleitendes F\\u00f6rdermanagement im Sinne einer aktiven Filmgesch\\u00e4ftsf\\u00fchrung<\\\/li>\\n\n\n<li>Unterst\\u00fctzung bei der Abrechnung<\\\/li>\\n<\\\/ul>\\n<\\\/div>\\n<\\\/div>\",\"content_column_breakpoint\":\"m\",\"content_margin\":\"medium\",\"icon_width\":80,\"image_align\":\"top\",\"image_grid_breakpoint\":\"m\",\"image_grid_width\":\"1-2\",\"image_svg_color\":\"emphasis\",\"link\":\"foerdermanagement\\\/\",\"link_style\":\"default\",\"link_target\":true,\"link_text\":\"Mehr erfahren\",\"margin\":\"\",\"maxwidth\":\"2xlarge\",\"maxwidth_breakpoint\":\"m\",\"meta_align\":\"below-title\",\"meta_element\":\"div\",\"meta_style\":\"text-meta\",\"panel_padding\":\"default\",\"panel_style\":\"card-default\",\"parallax_breakpoint\":\"m\",\"parallax_easing\":\"1\",\"parallax_y\":\"100,0\",\"title\":\"Finde dich in den vielf\\u00e4ltigen M\\u00f6glichkeiten \\u00f6sterreichischer F\\u00f6rderungen zurecht\",\"title_align\":\"top\",\"title_element\":\"h3\",\"title_grid_breakpoint\":\"m\",\"title_grid_width\":\"1-2\",\"title_hover_style\":\"reset\"}}]}]},{\"type\":\"row\",\"props\":{\"id\":\"oceanfreight\",\"margin\":\"xlarge\",\"margin_remove_top\":false},\"children\":[{\"type\":\"column\",\"props\":{\"image_position\":\"center-center\",\"position_sticky_breakpoint\":\"m\",\"width_medium\":\"1-1\"},\"children\":[{\"type\":\"image\",\"props\":{\"animation\":\"parallax\",\"image\":\"wp-content\\\/uploads\\\/yootheme\\\/products-icon-01.svg\",\"image_svg_color\":\"emphasis\",\"image_svg_inline\":true,\"margin\":\"\",\"parallax_easing\":\"1\",\"parallax_x\":\"250,0\",\"text_align\":\"center\"}}]}]},{\"type\":\"row\",\"props\":{\"layout\":\"1-3,2-3\"},\"children\":[{\"type\":\"column\",\"props\":{\"image_position\":\"center-center\",\"position_sticky_breakpoint\":\"m\",\"width_medium\":\"1-3\"},\"children\":[{\"type\":\"headline\",\"props\":{\"animation\":\"parallax\",\"content\":\"FILM MOBILE:<span class=\\\"uk-heading-divider uk-display-inline-block\\\">GRIZZLY IM HQ7<\\\/span>\",\"css\":\"@media (min-width: 960px){\\n\\t.el-element { margin-top: 40px; }\\n}\",\"margin\":\"medium\",\"parallax_breakpoint\":\"m\",\"parallax_easing\":\"1\",\"parallax_y\":\"100,0\",\"title_element\":\"h2\",\"title_style\":\"heading-small\"},\"name\":\"Film Mobile\"}]},{\"type\":\"column\",\"props\":{\"image_position\":\"center-center\",\"order_first\":\"m\",\"position_sticky_breakpoint\":\"m\",\"width_medium\":\"2-3\"},\"children\":[{\"type\":\"image\",\"props\":{\"image\":\"wp-content\\\/uploads\\\/yootheme\\\/sustainability-solutions-01.jpg\",\"image_svg_color\":\"emphasis\",\"image_width\":\"780\",\"margin\":\"\",\"text_align\":\"left\",\"visibility\":\"m\"}}]}]},{\"type\":\"row\",\"children\":[{\"type\":\"column\",\"props\":{\"css\":\"@media (min-width: 960px) {\\n    .el-column { margin-top: -25%; }\\n}\",\"image_position\":\"center-center\",\"position_sticky_breakpoint\":\"m\"},\"children\":[{\"type\":\"panel\",\"props\":{\"animation\":\"parallax\",\"block_align\":\"right\",\"content\":\"\n\n<div uk-grid=\\\"\\\">\\n\n\n<div class=\\\"uk-width-2-3@m\\\">\\n\n\n<p>Die Filmmobile von Grizzly, ob es Maskenfahrzeuge, Kost\\u00fcmfahrzeuge, Aggregate oder Spezialfahrzeuge sind, k\\u00f6nnen direkt bei Vienna Film Services angemietet werde. <br \\\/>Die \\u00dcbergabe erfolgt am Gel\\u00e4nde der hq7 studios zu denselben Konditionen wie am deutschen Standort.<\\\/p>\\n<\\\/div>\\n\n\n<div class=\\\"uk-width-1-3@m\\\">\\n\n\n<ul class=\\\"uk-list uk-list-bullet uk-margin-bottom\\\">\\n\n\n<li>Preise und Verf\\u00fcgbarkeit <a href=\\\"mailto:mobiles@viennafilmservices.com\\\">auf Anfrage<\\\/a><span><br \\\/><\\\/span><span><\\\/span><\\\/li>\\n\n\n<li>\\u00dcbersicht \\u00fcber die <a href=\\\"https:\\\/\\\/www.grizzly-filmbau.de\\\/filmmobil-vermietung\\\" target=\\\"_blank\\\" rel=\\\"noopener\\\">Grizzly Fahrzeuge<\\\/a><\\\/li>\\n<\\\/ul>\\n<\\\/div>\\n<\\\/div>\",\"content_column_breakpoint\":\"m\",\"content_margin\":\"medium\",\"icon_width\":80,\"image_align\":\"top\",\"image_grid_breakpoint\":\"m\",\"image_grid_width\":\"1-2\",\"image_svg_color\":\"emphasis\",\"link\":\"kontakt\\\/\",\"link_style\":\"default\",\"link_target\":true,\"link_text\":\"Interessiert? Kontaktiere uns!\",\"margin\":\"\",\"maxwidth\":\"2xlarge\",\"maxwidth_breakpoint\":\"m\",\"meta_align\":\"below-title\",\"meta_element\":\"div\",\"meta_style\":\"text-meta\",\"panel_padding\":\"default\",\"panel_style\":\"card-default\",\"parallax_breakpoint\":\"m\",\"parallax_easing\":\"1\",\"parallax_y\":\"100,0\",\"title\":\"Professionelle Filmfahrzeuge f\\u00fcr  alle Notwendigkeiten von Dreharbeiten\",\"title_align\":\"top\",\"title_element\":\"h3\",\"title_grid_breakpoint\":\"m\",\"title_grid_width\":\"1-2\",\"title_hover_style\":\"reset\"}}]}]},{\"type\":\"row\",\"props\":{\"id\":\"airfreight\",\"margin\":\"xlarge\"},\"children\":[{\"type\":\"column\",\"props\":{\"image_position\":\"center-center\",\"position_sticky_breakpoint\":\"m\",\"width_medium\":\"1-1\"},\"children\":[{\"type\":\"image\",\"props\":{\"animation\":\"parallax\",\"image\":\"wp-content\\\/uploads\\\/yootheme\\\/products-icon-02.svg\",\"image_svg_color\":\"emphasis\",\"image_svg_inline\":true,\"margin\":\"\",\"parallax_easing\":\"1\",\"parallax_x\":\"-250,0\",\"text_align\":\"center\"}}]}]},{\"type\":\"row\",\"props\":{\"layout\":\"1-3,2-3\"},\"children\":[{\"type\":\"column\",\"props\":{\"image_position\":\"center-center\",\"position_sticky_breakpoint\":\"m\",\"width_medium\":\"1-3\"},\"children\":[{\"type\":\"headline\",\"props\":{\"animation\":\"parallax\",\"content\":\"Locations\",\"css\":\"@media (min-width: 960px){\\n\\t.el-element { margin-top: 40px; }\\n}\",\"margin\":\"medium\",\"parallax_breakpoint\":\"m\",\"parallax_easing\":\"1\",\"parallax_y\":\"100,0\",\"title_element\":\"h2\",\"title_style\":\"heading-small\"},\"name\":\"Locations\"}]},{\"type\":\"column\",\"props\":{\"image_position\":\"center-center\",\"position_sticky_breakpoint\":\"m\",\"width_medium\":\"2-3\"},\"children\":[{\"type\":\"image\",\"props\":{\"image\":\"wp-content\\\/uploads\\\/2024\\\/06\\\/viennafilmservices-services-locationscout-vienna2.jpg\",\"image_svg_color\":\"emphasis\",\"image_width\":\"780\",\"margin\":\"\",\"text_align\":\"right\",\"visibility\":\"m\"}}]}]},{\"type\":\"row\",\"children\":[{\"type\":\"column\",\"props\":{\"css\":\"@media (min-width: 960px) {\\n    .el-column { margin-top: -25%; }\\n}\",\"image_position\":\"center-center\",\"position_sticky_breakpoint\":\"m\"},\"children\":[{\"type\":\"panel\",\"props\":{\"animation\":\"parallax\",\"content\":\"\n\n<div uk-grid=\\\"\\\">\\n\n\n<div class=\\\"uk-width-2-3@m\\\">\\n\n\n<div class=\\\"el-content uk-panel uk-margin-top\\\">\\n\n\n<p>\\u00d6sterreich ist ein kleines Land, aber mit einem vielf\\u00e4ltigen Landschaftsangebot, das schnell zu erreichen ist. Die Steppen des Ostens sind von den Alpen und Seen nur einige Fahrstunden entfernt. Das reiche kulturelle Erbe bietet Drehorte voll Magie und Poesie. Und Wien - mit seinem modernen <a href=\\\"https:\\\/\\\/hq7studios.com\\\" target=\\\"blank\\\">hq7 studios<\\\/a> - liegt im Zentrum davon.<\\\/p>\\n<\\\/div>\\n<\\\/div>\\n\n\n<div class=\\\"uk-width-1-3@m\\\">\\n\n\n<ul class=\\\"uk-list uk-list-bullet uk-margin-bottom\\\">\\n\n\n<li>Moderne Hochh\\u00e4user<\\\/li>\\n\n\n<li>Geschichtstr\\u00e4chtige Geb\\u00e4ude &amp; Schl\\u00f6sser<\\\/li>\\n\n\n<li>Atemberaubende Naturschaupl\\u00e4tze<\\\/li>\\n\n\n<li>Berge, T\\u00e4ler, Wiesen &amp; W\\u00e4lder<\\\/li>\\n\n\n<li>und Vieles mehr...<\\\/li>\\n<\\\/ul>\\n<\\\/div>\\n<\\\/div>\",\"content_column_breakpoint\":\"m\",\"content_margin\":\"medium\",\"icon_width\":80,\"image_align\":\"top\",\"image_grid_breakpoint\":\"m\",\"image_grid_width\":\"1-2\",\"image_svg_color\":\"emphasis\",\"link\":\"locations\\\/\",\"link_style\":\"default\",\"link_target\":true,\"link_text\":\"Mehr erfahren\",\"margin\":\"\",\"maxwidth\":\"2xlarge\",\"maxwidth_breakpoint\":\"m\",\"meta_align\":\"below-title\",\"meta_element\":\"div\",\"meta_style\":\"text-meta\",\"panel_padding\":\"default\",\"panel_style\":\"card-default\",\"parallax_breakpoint\":\"m\",\"parallax_easing\":\"1\",\"parallax_y\":\"100,0\",\"title\":\"N\\u00fctze die vielf\\u00e4ltigen Landschaften und das kulturelle Erbe \\u00d6sterreichs auf engstem Raum\",\"title_align\":\"top\",\"title_element\":\"h3\",\"title_grid_breakpoint\":\"m\",\"title_grid_width\":\"1-2\",\"title_hover_style\":\"reset\",\"title_style\":\"h3\"}}]}]},{\"type\":\"row\",\"props\":{\"margin\":\"xlarge\"},\"children\":[{\"type\":\"column\",\"props\":{\"image_position\":\"center-center\",\"position_sticky_breakpoint\":\"m\",\"width_medium\":\"1-1\"},\"children\":[{\"type\":\"image\",\"props\":{\"animation\":\"parallax\",\"image\":\"wp-content\\\/uploads\\\/yootheme\\\/products-icon-03.svg\",\"image_svg_color\":\"emphasis\",\"image_svg_inline\":true,\"margin\":\"\",\"parallax_easing\":\"1\",\"parallax_x\":\"280,0\",\"text_align\":\"center\"}}]}]}]},{\"name\":\"Services\",\"type\":\"section\",\"props\":{\"id\":\"services\",\"image_position\":\"center-center\",\"padding\":\"xlarge\",\"padding_remove_top\":false,\"status\":\"disabled\",\"style\":\"default\",\"title_breakpoint\":\"xl\",\"title_position\":\"top-left\",\"title_rotation\":\"left\",\"vertical_align\":\"\",\"width\":\"large\"},\"children\":[{\"type\":\"row\",\"children\":[{\"type\":\"column\",\"props\":{\"image_position\":\"center-center\",\"position_sticky_breakpoint\":\"m\",\"width_medium\":\"1-1\"},\"children\":[{\"type\":\"headline\",\"props\":{\"animation\":\"parallax\",\"block_align\":\"center\",\"content\":\"Weitere\\u00a0\\n\n\n<div>Services<\\\/div>\",\"margin\":\"large\",\"parallax_breakpoint\":\"m\",\"parallax_easing\":\"1\",\"parallax_y\":\"0,-100\",\"text_align\":\"center\",\"title_element\":\"h2\",\"title_style\":\"heading-medium\"}},{\"type\":\"grid\",\"props\":{\"animation\":\"parallax\",\"content_column_breakpoint\":\"m\",\"filter_align\":\"left\",\"filter_all\":true,\"filter_grid_breakpoint\":\"m\",\"filter_grid_width\":\"auto\",\"filter_position\":\"top\",\"filter_style\":\"tab\",\"grid_default\":\"1\",\"grid_medium\":\"3\",\"grid_parallax\":\"80\",\"grid_small\":\"2\",\"icon_width\":80,\"image_align\":\"top\",\"image_grid_breakpoint\":\"m\",\"image_grid_width\":\"1-2\",\"image_svg_animate\":false,\"image_svg_color\":\"primary\",\"image_svg_inline\":true,\"item_animation\":true,\"lightbox_bg_close\":true,\"link_style\":\"text\",\"link_text\":\"Read more\",\"margin\":\"\",\"meta_align\":\"below-title\",\"meta_element\":\"div\",\"meta_style\":\"text-meta\",\"panel_padding\":\"default\",\"panel_style\":\"card-default\",\"parallax_breakpoint\":\"m\",\"parallax_easing\":\"1\",\"parallax_y\":\"0,-80\",\"show_content\":true,\"show_hover_image\":true,\"show_hover_video\":true,\"show_image\":true,\"show_link\":true,\"show_meta\":true,\"show_title\":true,\"show_video\":true,\"title_align\":\"top\",\"title_element\":\"h3\",\"title_grid_breakpoint\":\"m\",\"title_grid_width\":\"1-2\",\"title_hover_style\":\"reset\",\"title_style\":\"h2\"},\"children\":[{\"type\":\"grid_item\",\"props\":{\"content\":\"\n\n<p>Profitiere von unserem Know-How und unserer Erfahrung vor Ort. Wir erm\\u00f6glichen ein unkompliziertes Drehplanservice und Kalkulation, um herauszufinden, wie Filmprojekte unter \\u00f6sterreichischen Bedingungen umgesetzt werden k\\u00f6nnen.<\\\/p>\\n\n\n<ul>\\n\n\n<li>Drehplan<\\\/li>\\n\n\n<li>Detaillierte Kalkulation<\\\/li>\\n\n\n<li>Erster \\u00dcberblick \\u00fcber Locations<\\\/li>\\n<\\\/ul>\",\"image\":\"wp-content\\\/uploads\\\/2024\\\/06\\\/services-05-audit-and-assurance.svg\",\"link\":\"kontakt\\\/\",\"link_text\":\"Mehr erfahren\",\"title\":\"REALITY CHECK\"}},{\"type\":\"grid_item\",\"props\":{\"content\":\"\n\n<ul>\\n\n\n<li>Profitiere von unserem Netzwerk <br \\\/>zu Filmschaffenden in \\u00d6sterreich<\\\/li>\\n\n\n<li>Vienna Film Services ist KEINE Serviceproduktionsfirma, wir arbeiten aber mit etablierten \\u00f6sterreichischen Produktionsfirmen zusammen, stellen Crews zusammen, schaffen Synergien.<\\\/li>\\n<\\\/ul>\",\"image\":\"wp-content\\\/uploads\\\/2024\\\/06\\\/services-06-consulting.svg\",\"link\":\"kontakt\\\/\",\"link_text\":\"Mehr erfahren\",\"title\":\"PRODUCTION,<br \/>CAST & CREW\"}},{\"type\":\"grid_item\",\"props\":{\"content\":\"\n\n<ul>\\n\n\n<li>\\n\n\n<p>N\\u00fctze die M\\u00f6glichkeit von finanzieller Sicherheit und Kontrolle<\\\/p>\\n<\\\/li>\\n\n\n<li>\\n\n\n<p><strong><\\\/strong>Vollst\\u00e4ndige Kontrolle \\u00fcber die Finanzen in allen Phasen der Produktion, vom w\\u00f6chentlichen Kostenstand bis zu einem durchdachten Aufbau der Kontenpl\\u00e4ne, die jeden einzelnen Beleg nach F\\u00f6rderkriterien zuordenbar machen.<\\\/p>\\n<\\\/li>\\n\n\n<li>M\\u00f6gliche Leistungen:\\n\n\n<ul>\\n\n\n<li>Finanz und Liquidit\\u00e4tspl\\u00e4ne<\\\/li>\\n\n\n<li>Salden\\u00fcberwachung<\\\/li>\\n\n\n<li>Kostenst\\u00e4nde<\\\/li>\\n\n\n<li>Lohn- und Finanzbuchhaltung<\\\/li>\\n\n\n<li>Kalkulationen<\\\/li>\\n\n\n<li>Datenverwaltung nach den Regeln Digitale Arbeitsabl\\u00e4ufe und Datensicherheit (DSVGO konform)<\\\/li>\\n\n\n<li>und Vieles mehr...<\\\/li>\\n<\\\/ul>\\n<\\\/li>\\n<\\\/ul>\",\"image\":\"wp-content\\\/uploads\\\/2024\\\/06\\\/services-02-legal-advisory.svg\",\"link\":\"foerdermanagement\\\/\",\"link_text\":\"mehr erfahren\",\"title\":\"FILMGESCH\\u00c4FTS-F\\u00dcHRUNG\"}},{\"type\":\"grid_item\",\"props\":{\"content\":\"Donec quam felis ultricies nec, pretium vene natis vitae elementum quis consequat massa justo rhoncus vitae egestas justo felis sit vehicula sem internis pede mollis enim.\",\"image\":\"wp-content\\\/uploads\\\/yootheme\\\/products-services-06.svg\",\"status\":\"disabled\",\"title\":\"Catering <br \/>& Verpflegung\"}},{\"type\":\"grid_item\",\"props\":{\"content\":\"Donec quam felis ultricies nec, pretium vene natis vitae elementum quis consequat massa justo rhoncus vitae egestas justo felis sit vehicula sem internis pede mollis enim.\",\"image\":\"wp-content\\\/uploads\\\/yootheme\\\/products-services-05.svg\",\"status\":\"disabled\",\"title\":\"Festivals & <br \/>Events\"}}]}]}]}]},{\"name\":\"Call to Action\",\"type\":\"section\",\"props\":{\"image_position\":\"center-center\",\"padding\":\"xlarge\",\"style\":\"primary\",\"title_breakpoint\":\"xl\",\"title_position\":\"top-left\",\"title_rotation\":\"left\",\"vertical_align\":\"\",\"width\":\"large\"},\"children\":[{\"type\":\"row\",\"props\":{\"layout\":\"1-2,1-2\"},\"children\":[{\"type\":\"column\",\"props\":{\"image_position\":\"center-center\",\"position_sticky_breakpoint\":\"m\",\"width_medium\":\"1-2\"},\"children\":[{\"type\":\"image\",\"props\":{\"image\":\"wp-content\\\/uploads\\\/yootheme\\\/products-cta.svg\",\"image_svg_color\":\"emphasis\",\"image_svg_inline\":true,\"image_width\":\"500\",\"margin\":\"\",\"text_align\":\"center\"}}]},{\"type\":\"column\",\"props\":{\"image_position\":\"center-center\",\"position_sticky_breakpoint\":\"m\",\"vertical_align\":\"middle\",\"width_medium\":\"1-2\"},\"children\":[{\"type\":\"headline\",\"props\":{\"animation\":\"parallax\",\"content\":\"Fordere  <br \/><span class=\\\"uk-heading-divider uk-display-inline-block\\\">uns heraus!<\\\/span>\",\"margin\":\"medium\",\"maxwidth_breakpoint\":\"m\",\"parallax_breakpoint\":\"m\",\"parallax_easing\":\"1\",\"parallax_y\":\"50,0\",\"text_align\":\"left\",\"text_align_breakpoint\":\"m\",\"text_align_fallback\":\"center\",\"title_element\":\"h2\",\"title_style\":\"heading-medium\"}},{\"type\":\"text\",\"props\":{\"animation\":\"parallax\",\"column_breakpoint\":\"m\",\"content\":\"\n\n<p>Unsere spannendsten Auftr\\u00e4ge sind die, die Dir zu Beginn des Projektes unm\\u00f6glich l\\u00f6sbar erscheinen. <br \\\/>Und da kommen wir ins Spiel: Wir helfen Dir, Dein Projekt umzusetzen!<\\\/p>\",\"margin\":\"\",\"maxwidth\":\"large\",\"maxwidth_breakpoint\":\"m\",\"parallax_breakpoint\":\"m\",\"parallax_easing\":\"1\",\"parallax_y\":\"50,0\",\"text_align\":\"left\",\"text_align_breakpoint\":\"m\",\"text_align_fallback\":\"center\"}},{\"type\":\"button\",\"props\":{\"animation\":\"parallax\",\"grid_column_gap\":\"small\",\"grid_row_gap\":\"small\",\"margin\":\"medium\",\"parallax_breakpoint\":\"m\",\"parallax_easing\":\"1\",\"parallax_y\":\"50,0\",\"text_align\":\"left\",\"text_align_breakpoint\":\"m\",\"text_align_fallback\":\"center\"},\"children\":[{\"type\":\"button_item\",\"props\":{\"button_style\":\"default\",\"content\":\"Kontaktiere uns!\",\"dialog_layout\":\"modal\",\"dialog_offcanvas_flip\":true,\"icon_align\":\"left\",\"link\":\"mailto:office@viennafilmservices.com\"}},{\"type\":\"button_item\",\"props\":{\"button_style\":\"link-text\",\"content\":\"+43 699 1942 84 54\",\"dialog_layout\":\"modal\",\"dialog_offcanvas_flip\":true,\"icon_align\":\"left\",\"link\":\"tel:+4369919428454\"}}]}]}]}]}],\"version\":\"4.5.24\"} --><\/p>\n","protected":false},"excerpt":{"rendered":"<p>Services F\u00f6rdermanagement &amp; Filmgesch\u00e4ftsf\u00fchrung Finde dich in den vielf\u00e4ltigen M\u00f6glichkeiten \u00f6sterreichischer F\u00f6rderungen zurecht Wickle dein Projekt von Anfang an entsprechend der \u00f6sterreichischen F\u00f6rderungssysteme ab Erstellung von Einreichunterlagen (Drehplan und Kalkulation) Projektbegleitendes F\u00f6rdermanagement im Sinne einer aktiven Filmgesch\u00e4ftsf\u00fchrung Unterst\u00fctzung bei der Abrechnung Mehr erfahren FILM MOBILE:GRIZZLY IM HQ7 Professionelle Filmfahrzeuge f\u00fcr alle Notwendigkeiten von Dreharbeiten Die [&hellip;]<\/p>\n","protected":false},"author":1,"featured_media":0,"parent":0,"menu_order":4,"comment_status":"closed","ping_status":"closed","template":"","meta":{"_acf_changed":false,"footnotes":""},"class_list":["post-2","page","type-page","status-publish","hentry"],"acf":[],"jetpack_sharing_enabled":true,"_links":{"self":[{"href":"https:\/\/www.viennafilmservices.com\/web\/wp-json\/wp\/v2\/pages\/2","targetHints":{"allow":["GET"]}}],"collection":[{"href":"https:\/\/www.viennafilmservices.com\/web\/wp-json\/wp\/v2\/pages"}],"about":[{"href":"https:\/\/www.viennafilmservices.com\/web\/wp-json\/wp\/v2\/types\/page"}],"author":[{"embeddable":true,"href":"https:\/\/www.viennafilmservices.com\/web\/wp-json\/wp\/v2\/users\/1"}],"replies":[{"embeddable":true,"href":"https:\/\/www.viennafilmservices.com\/web\/wp-json\/wp\/v2\/comments?post=2"}],"version-history":[{"count":59,"href":"https:\/\/www.viennafilmservices.com\/web\/wp-json\/wp\/v2\/pages\/2\/revisions"}],"predecessor-version":[{"id":1519,"href":"https:\/\/www.viennafilmservices.com\/web\/wp-json\/wp\/v2\/pages\/2\/revisions\/1519"}],"wp:attachment":[{"href":"https:\/\/www.viennafilmservices.com\/web\/wp-json\/wp\/v2\/media?parent=2"}],"curies":[{"name":"wp","href":"https:\/\/api.w.org\/{rel}","templated":true}]}}